f a prime number?
False
Let x(j) = 3752*j**2 + j - 15. Let b be x(-4). Suppose -15753 + b = 4*h. Is h prime?
False
Let w be 8/6 + 2/3. Suppose -3*j + 9433 = 2*u - w*j, 0 = u - 3*j - 4734. Suppose 0 = 5*n - 4076 - u. Is n a prime number?
True
Let v = -6713 - -19551. Suppose 5*u = 0, v = 3*o - 4*u + 1027. Is o prime?
False
Suppose -3*d + 170480 - 22935 = b, 0 = b + 4. Is d a composite number?
True
Let l = -25 - -40. Let k(v) = 8*v - 13. Let h be k(l). Suppose -2*d - h = -n - 7*d, 496 = 4*n + 3*d. Is n prime?
True
Suppose -4125 - 4599 = 3*g. Let m = g - -5847. Is m a prime number?
True
Let h(s) be the third derivative of 11*s**6/120 + s**5/15 - s**3/3 - 963*s**2. Let y(x) = -2*x**3 - x. Let m be y(-1). Is h(m) composite?
False
Let p(i) = 47689*i**3 - 2*i**2 + 1. Let u be p(1). Suppose -10*k + 34*k - u = 0. Is k a composite number?
False
Suppose 74*s - 77*s = 4*z - 6443, 3*z = -12. Is s prime?
True
Let f(y) = 23*y**2 - 905*y - 641. Is f(90) a composite number?
True
Let h be -867 - 0/1 - 0. Let p = h + 2918. Is p prime?
False
Let y(u) = -17*u**3 - 3*u**2 + 38*u + 38. Let f be y(-16). Suppose 19*a - f = 63699. Is a composite?
False
Suppose -26*d - 50*d = -6142244. Is d a prime number?
True
Let m = 18204 - 12621. Suppose 7094 - 1506 = 5*n + 3*p, 5*n = 2*p + m. Is n a composite number?
False
Suppose 2310631 + 2409064 = -26*c + 121*c. Is c a prime number?
True
Let k(d) = d**2 - 48*d - 203. Let j be k(52). Suppose 32*x - j*b - 7279 = 31*x, 1 = -b. Is x a prime number?
False
Suppose -15947 = -2*u - 5*z, -2*u = -u - 4*z - 7993. Is u prime?
False
Let d(y) = -y**3 + 6*y**2 + y + 5. Let f(b) = -b**3 - b**2 - 3*b + 3. Let s be f(1). Let g be (s + 10/6)/(6/198). Is d(g) a prime number?
False
Suppose 34*m = -136*m - 608789 + 7167219. Is m a composite number?
True
Let t be (-4)/(-12)*3 - -2. Suppose 0 = -2*g - 5*k + 1655, -g - 2*k + 835 = t*k. Suppose -3*v - g = -4*f + 2*f, 10 = -5*v. Is f a composite number?
True
Let g(y) = y**3 - 22*y**2 - 23*y + 5. Let k be g(23). Suppose 0*o + 3*o - k*s = 1618, -o + 544 = 3*s. Is o a prime number?
True
Is (-3)/4*-2*-2 - (5 - 112749) composite?
False
Let y = 10 + 5. Suppose 5*u + 1 - 16 = -3*o, 5*u + o = y. Is (22/(-44))/(((-6)/2908)/u) a composite number?
False
Let w(v) = -v**3 - 29*v**2 - 80*v - 51. Let h be w(-26). Let u(g) = 4328*g**2 - 8*g + 7. Is u(h) a prime number?
True
Suppose -5*b + m = -353097, 5*b + 28379 = -2*m + 381470. Is b a prime number?
True
Is 2/(-9) + 4203800/360 prime?
True
Suppose -43*t + 873761 = -736202. Is t composite?
False
Let b = -95341 - -278358. Is b a prime number?
False
Let z(w) = -949*w - 6. Let u(i) = 8540*i + 55. Let q(s) = 6*u(s) + 55*z(s). Is q(-1) composite?
True
Suppose 5830*p - 1458968 = 5822*p. Is p a composite number?
True
Let s(w) = 2*w**2 + 13*w - 15. Let y be s(-14). Let g = 2222 - y. Is g composite?
False
Let g(d) = -3*d**3 - d**2 - 4*d - 15. Let w be g(-2). Let a(u) = 3*u**3 + 16*u**2 - 16*u + 96. Is a(w) composite?
True
Let p be (-11)/((-55)/(-1480)) + 1. Is -2 - p*(-4 + 5) composite?
False
Let j(y) = -164*y + 1. Let f(r) = 164*r - 3. Let q(g) = 5*f(g) + 4*j(g). Is q(2) a composite number?
False
Let p be 3/18 - (5 + (-25300)/(-24)). Is (p/2)/((-4)/8) composite?
True
Suppose -2*i + 12*f + 40039 = 11*f, -i + 3*f + 20012 = 0. Is i composite?
False
Let l(j) = 1458*j**2 - 17*j + 141. Is l(10) a composite number?
False
Let s = -2696 + 3835. Let u = s + -798. Is u a composite number?
True
Let b(d) = 15*d**2 - 2*d + 2. Let f be b(1). Suppose -5*h + f = 0, 4*w + 4*h + 10780 = -0*h. Let a = w - -4431. Is a a prime number?
True
Let z = 93207 + 51622. Is z composite?
False
Is (0 + 1)/((243/(-5206869))/(-9)) prime?
True
Suppose -12*x + 55 = 7. Suppose -x*r + 56144 = -5*w, -2*r + 19434 = -5*w - 8648. Suppose -17*d = 2182 - r. Is d a composite number?
True
Let m(t) = t**3 + 37*t**2 - 80*t - 70. Let n be m(-39). Suppose 4*u - n = 0, -8*z + 3*z = -4*u - 11087. Is z composite?
True
Let d be 5 - ((-6)/6 + -3) - 1. Suppose -d*o + 1657 = -7*o. Is o composite?
False
Let z(h) = 43 - 25 + 175*h + 202*h. Let a be z(5). Suppose -2*m + a = 5*f, 0 = -5*f + 2*m + 2569 - 682. Is f a composite number?
False
Let u = 9358 + 80995. Is u composite?
False
Is (3235974/9 - 2)*(-513)/(-342) composite?
True
Let t = -138182 - -291775. Is t prime?
False
Suppose -111*j = -112*j + 9371. Suppose -x = -4*u + j, -6*x + 11*x + 7041 = 3*u. Is u composite?
True
Suppose 4*k - 4618 = 3*q, -2*q + 1149 = -5*k + 6*k. Let c = 2120 - k. Is c composite?
False
Let r = 199 + -44. Suppose -5*v + r = -5*q, 0*v - v = 5*q - 61. Suppose -2*c - v + 473 = 3*p, 0 = -2*p + 10. Is c prime?
True
Let p(r) = r**3 + 8*r**2 + r + 11. Let f be p(-8). Suppose -5*w = a - 22, 5*w - 2*a = -f + 34. Suppose 36054 = w*v - 6751. Is v prime?
False
Let u(o) be the third derivative of 311*o**4/8 + 65*o**3/6 - 224*o**2. Is u(2) a prime number?
True
Let l be -3 + 22394/(-8) - 5/(-20). Let c = 4963 + l. Is c composite?
False
Suppose 3*b - 4*b = -5*x - 34624, -3*x = 15. Suppose -19*y = -b - 9728. Is y a prime number?
True
Let u be 2 + 52 - 5 - 0. Suppose 7*f = 147 - u. Is (-12732)/(-6)*(f/4 - 3) a prime number?
True
Let t(h) = 2*h**2 + 8*h + 6. Let a be t(-3). Suppose -2 = -2*v, -x - 3*x + v + 6483 = a. Is x composite?
False
Suppose d = -5*j + 23, 2*j + 2*j = 5*d + 1. Suppose j*y - 39 + 527 = 3*l, 2*y = -l + 176. Suppose 30 = -3*c + 3*o + l, 2*c + 2*o - 112 = 0. Is c composite?
True
Let p(o) = o - 13. Let t be -3 + 14*9/6. Let b be p(t). Suppose -5*a = 5*v - 1705 - 1790, b*a = 10. Is v composite?
True
Let m(w) = -399*w + 72. Let d be m(-9). Let t = d - 1824. Is t composite?
True
Let h(f) = 43*f + 307. Is h(0) prime?
True
Let y(i) = -185*i + 2281. Is y(-38) a prime number?
True
Suppose -1089745 = -102*m + 2917733. Is m composite?
True
Let a(r) = 4392*r**2 - 11*r - 3. Let n be a(-2). Let y = n + -7806. Is y composite?
False
Suppose -4*n + 20 = 2*t + 16, 4*t = 4*n - 28. Suppose 5*s - 6026 = -n*w, 3*s + 15 = -0*s. Is w a prime number?
True
Suppose 195*y - 16003871 = -52*y. Is y prime?
True
Let j(q) = 190*q + 85. Let s be j(4). Suppose -x = 5*f - s, x + 877 = 2*x - 3*f. Is x a prime number?
False
Let n(s) = 1259*s**3 - 9*s**2 + 111*s - 542. Is n(5) a composite number?
False
Let j(b) = b**2 + 34*b + 639 + 577 - b**3 + 865 - 41*b. Is j(0) a prime number?
True
Let p(q) = q**2 - 13*q - 14. Let c be p(15). Suppose 2*v + y + 2*y = -c, 0 = 5*y + 20. Is 465*(1 - 0) - v prime?
True
Suppose 7*z - 2*z = 48725. Suppose 5*o = -2*j + z, -8*j - 9745 = -5*o - 5*j. Is o prime?
True
Let a be (3/(-9) + 0)/(7/(-105)). Suppose f - 12 = -a. Suppose 2255 = r + 3*l, 0 = 4*l - f + 23. Is r composite?
False
Let w be 120/(-48) - (-5)/2. Suppose -5*f - 5*u - 2940 + 59465 = w, -2*f + 22596 = -5*u. Is f a prime number?
False
Let v(i) = 6803*i - 274. Is v(15) composite?
False
Let s = 299 - 288. Suppose 37288 = s*q - 146005. Is q composite?
True
Let m be ((1/(2/(-72872)))/(-2))/(-2). Let z = 14412 + m. Is z prime?
True
Let j(a) = -5*a**3 + a**2 - 8*a + 1219. Let c(h) = -h**3 - h + 1. Let u(m) = -6*c(m) + j(m). Suppose -14*b = 310 - 310. Is u(b) composite?
False
Let f(g) = 14590*g**2 + 2*g + 3. Let u(x) = -x**2 + 3*x + 17. Let p be u(6). Is f(p) prime?
True
Let l be -3 - 10/5 - -7. Let k be (-1)/4 - (94/8 - l). Let f(m) = -10*m**3 + m**2 - 3*m - 1. Is f(k) a composite number?
True
Let l(m) = -2*m**2 - 31*m + 37. Let i be l(-16). Is (-3746 + -1)*((-154)/i - -7) a prime number?
True
Let s be 32/(-20)*10/(-4). Suppose -3*w + 16 = 5*b, -s*b + 3*w - 15 = -44. Suppose -2*d + b*d + 3*l - 2514 = 0, 3*d - 5*l - 2514 = 0. Is d a prime number?
False
Suppose 2*p = -2*y + 178850, 12*p = 8*p + 3*y + 357742. Is p a prime number?
True
Suppose 4*v + 0*s = -s + 67, 0 = 2*v + s - 35. Is (1838/4)/(24/v + -1) a composite number?
False
Suppose 108 - 19 = 4*a - 3*w, -a + 3*w + 29 = 0. Let n = 20 - a. Suppose 12*i - 7*i - 2855 = n. Is i a prime number?
True
Let h be (7 - (-44480)/(-2))*-31. Suppose -193104 + h = 39*j. Is j a prime number?
True
Let f(j) = 86*j**2 - 4*j + 6. Let w be f(10). Is -2 - w*(-1)/2 composite?
True
Let x(m) = 11*m - 11. Let r be x(3). Let i = 55 - r. Let q = 268 + i. Is q a composite number?
True
Let a be 3*-281*-1 + 0. Suppose 2*o - 12525 = -3*j, 5*o = -j + 4*o + 4174. Suppose a + j = 10*c. Is c prim